{"id":8,"date":"2015-03-31T16:53:33","date_gmt":"2015-03-31T15:53:33","guid":{"rendered":"http:\/\/francoisrouan.net\/?page_id=8"},"modified":"2021-04-06T19:52:01","modified_gmt":"2021-04-06T18:52:01","slug":"actualites","status":"publish","type":"page","link":"https:\/\/francoisrouan.net\/?page_id=8&lang=fr","title":{"rendered":"Actualit\u00e9s"},"content":{"rendered":"\n<hr class=\"wp-block-separator\"\/>\n\n\n\n<div class=\"wp-block-image\"><figure class=\"alignleft\"><img src=\"http:\/\/francoisrouan.net\/wp-content\/uploads\/2020\/02\/balthus-bandeau.jpg\" alt=\"\" class=\"wp-image-1124\"\/><\/figure><\/div>\n\n\n\n<h4>Lancement d&rsquo;une collection de coffrets DVD<\/h4>\n\n\n\n<p><em> \u00abDe la Ressemblance\u00bb est le premier film de Fran\u00e7ois Rouan \u00e0 para\u00eetre en coffret DVD.<\/em><\/p>\n\n\n\n<p><a href=\"http:\/\/francoisrouan.net\/?product=coffret-de-la-ressemblance\"><em>Plus d&rsquo;informations ici.<\/em><\/a><\/p>\n\n\n\n<hr class=\"wp-block-separator\"\/>\n\n\n\n<div class=\"wp-block-image\"><figure class=\"alignleft\"><img loading=\"lazy\" width=\"526\" height=\"156\" src=\"http:\/\/francoisrouan.net\/wp-content\/uploads\/2015\/03\/Objet-tressage.jpg\" alt=\"\" class=\"wp-image-1124\" srcset=\"https:\/\/francoisrouan.net\/wp-content\/uploads\/2015\/03\/Objet-tressage.jpg 526w, https:\/\/francoisrouan.net\/wp-content\/uploads\/2015\/03\/Objet-tressage-200x59.jpg 200w, https:\/\/francoisrouan.net\/wp-content\/uploads\/2015\/03\/Objet-tressage-350x104.jpg 350w, https:\/\/francoisrouan.net\/wp-content\/uploads\/2015\/03\/Objet-tressage-300x89.jpg 300w\" sizes=\"(max-width: 526px) 100vw, 526px\" \/><\/figure><\/div>\n\n\n\n<h4>Parution du film \u00abObjet Tressage\u00bb en DVD<\/h4>\n\n\n\n<p><em>Pr\u00e9sent\u00e9 au mus\u00e9e Fabre en 2017,<\/em> \u00abObjet Tressage\u00bb <em>(59 min) a accompagn\u00e9 la r\u00e9trospective<\/em> \u00abFran\u00e7ois Rouan \u2013 Tressages \u2013 1966-2016\u00bb.<\/p>\n\n\n\n<p><a href=\"http:\/\/francoisrouan.net\/?p=1152&amp;lang=fr\"><em>Plus d&rsquo;informations ici.<\/em><\/a><\/p>\n\n\n\n<p><\/p>\n","protected":false},"excerpt":{"rendered":"<p>Lancement d&rsquo;une collection de coffrets DVD \u00abDe la Ressemblance\u00bb est le premier film de Fran\u00e7ois Rouan \u00e0 para\u00eetre en coffret DVD. Plus d&rsquo;informations ici. Parution du film \u00abObjet Tressage\u00bb en DVD Pr\u00e9sent\u00e9 au mus\u00e9e Fabre en 2017, \u00abObjet Tressage\u00bb (59 min) a accompagn\u00e9 la r\u00e9trospective \u00abFran\u00e7ois Rouan \u2013 Tressages \u2013 1966-2016\u00bb. Plus d&rsquo;informations ici.<\/p>\n","protected":false},"author":1,"featured_media":0,"parent":0,"menu_order":0,"comment_status":"closed","ping_status":"closed","template":"","meta":[],"_links":{"self":[{"href":"https:\/\/francoisrouan.net\/index.php?rest_route=\/wp\/v2\/pages\/8"}],"collection":[{"href":"https:\/\/francoisrouan.net\/index.php?rest_route=\/wp\/v2\/pages"}],"about":[{"href":"https:\/\/francoisrouan.net\/index.php?rest_route=\/wp\/v2\/types\/page"}],"author":[{"embeddable":true,"href":"https:\/\/francoisrouan.net\/index.php?rest_route=\/wp\/v2\/users\/1"}],"replies":[{"embeddable":true,"href":"https:\/\/francoisrouan.net\/index.php?rest_route=%2Fwp%2Fv2%2Fcomments&post=8"}],"version-history":[{"count":114,"href":"https:\/\/francoisrouan.net\/index.php?rest_route=\/wp\/v2\/pages\/8\/revisions"}],"predecessor-version":[{"id":1878,"href":"https:\/\/francoisrouan.net\/index.php?rest_route=\/wp\/v2\/pages\/8\/revisions\/1878"}],"wp:attachment":[{"href":"https:\/\/francoisrouan.net\/index.php?rest_route=%2Fwp%2Fv2%2Fmedia&parent=8"}],"curies":[{"name":"wp","href":"https:\/\/api.w.org\/{rel}","templated":true}]}}